{"id":1192,"date":"2020-08-10T13:01:09","date_gmt":"2020-08-10T13:01:09","guid":{"rendered":"http:\/\/monicamilf.com\/norsk\/blog\/?page_id=1192"},"modified":"2025-02-13T14:42:22","modified_gmt":"2025-02-13T14:42:22","slug":"snap-info","status":"publish","type":"page","link":"https:\/\/monicamilf.com\/norsk\/blog\/?page_id=1192","title":{"rendered":"Snap Info"},"content":{"rendered":"<h3><em><strong>Snap:<\/strong><\/em><\/h3>\n<p>Ja jeg har snap dere kan f\u00f8lge meg p\u00e5, jeg har to snap adresser en for medlemmer og en som er helt \u00e5pen. Jeg har ogs\u00e5 en del salg av snapvideo, bilder, snap show (cam2cam) eller dirty snap chat. For info om de forskjellige produkter p\u00e5 snap f\u00f8lg linkene p\u00e5 siden av siden her. Men f\u00f8rst til litt forklaring p\u00e5 de forskjellige snap kontene mine<\/p>\n<p>Medlems snapen er kun for medlemmer av min hoved side monicamilf.com. Her tar jeg meg tid og svarer alle som skriver eller sender bilder til meg, der vil dere ogs\u00e5 f\u00e5 mere dirty snaper. Og ikke reklame denne snapen er usenurert.\u00a0 \u00d8nsker du og v\u00e6re p\u00e5 min medlems snap utenom og v\u00e6re medlem p\u00e5 siden send meg en melding p\u00e5 min \u00e5pne snap s\u00e5 legger jeg deg inn mot et abo p\u00e5 snap p\u00e5 25o i mnd<\/p>\n<p>\u00c5pen snapen har jeg alt for mange f\u00f8lgere\/fans p\u00e5 til at jeg kan svare alle. Men dere f\u00e5r deres del av dirty sesurerte bilder dere ogs\u00e5 s\u00e5 ikke like grisete som til alle p\u00e5 medlems snapen men s\u00e5nn er det. Mann skal ha en fordel med \u00e5 v\u00e6re et betalende medlem p\u00e5 min side ogs\u00e5. P\u00e5 denne \u00e5pne snapen er det jeg selger snap video og annet innhold om du skulle \u00f8nske det.<\/p>\n<p>Oversikt over mine snap video finner dere ved og klikke p\u00e5 linken her: <a href=\"http:\/\/zhop.monicamilf.com\">http:\/\/zhop.monicamilf.com\u00a0\u00a0<\/a><\/p>\n<p>Husk at dere m\u00e5 v\u00e6re lagt inn p\u00e5 snap #monicalivex for og f\u00e5 filmen til sendt. Og ja du kan lagte det du f\u00e5r p\u00e5 snap<\/p>\n<p>legger med litt bilder av mine snap videoer.<\/p>\n<p>Min \u00e5pne snap er: <strong>#monicalivex <\/strong><\/p>\n<p>Luket snap f\u00e5r du via mail om du er medlem.<\/p>\n<p>XOXO.<\/p>\n<p><em><strong>Linker til snap varer:<\/strong><\/em><\/p>\n<p>jeg har pr dags dato mulighet til \u00e5 sende dere etter \u00f8nske totalt 40 forskjellige snap video<\/p>\n<h4><a href=\"http:\/\/zhop.monicamilf.com\/index.php?route=product\/category&amp;path=18\"><em><strong>Snap video<\/strong><\/em><\/a><\/h4>\n<p><a href=\"http:\/\/monicamilf.com\/norsk\/blog\/wp-content\/uploads\/2020\/12\/snapjul2.jpg\"><img loading=\"lazy\" class=\"alignnone size-medium wp-image-1302\" src=\"http:\/\/monicamilf.com\/norsk\/blog\/wp-content\/uploads\/2020\/12\/snapjul2-300x158.jpg\" alt=\"\" width=\"300\" height=\"158\" srcset=\"https:\/\/monicamilf.com\/norsk\/blog\/wp-content\/uploads\/2020\/12\/snapjul2-300x158.jpg 300w, https:\/\/monicamilf.com\/norsk\/blog\/wp-content\/uploads\/2020\/12\/snapjul2-768x404.jpg 768w, https:\/\/monicamilf.com\/norsk\/blog\/wp-content\/uploads\/2020\/12\/snapjul2-1024x539.jpg 1024w\" sizes=\"(max-width: 300px) 100vw, 300px\" \/><\/a> <a href=\"http:\/\/monicamilf.com\/norsk\/blog\/wp-content\/uploads\/2020\/12\/snapjul1.jpg\"><img loading=\"lazy\" class=\"alignnone size-medium wp-image-1301\" src=\"http:\/\/monicamilf.com\/norsk\/blog\/wp-content\/uploads\/2020\/12\/snapjul1-300x158.jpg\" alt=\"\" width=\"300\" height=\"158\" srcset=\"https:\/\/monicamilf.com\/norsk\/blog\/wp-content\/uploads\/2020\/12\/snapjul1-300x158.jpg 300w, https:\/\/monicamilf.com\/norsk\/blog\/wp-content\/uploads\/2020\/12\/snapjul1-768x404.jpg 768w, https:\/\/monicamilf.com\/norsk\/blog\/wp-content\/uploads\/2020\/12\/snapjul1-1024x539.jpg 1024w\" sizes=\"(max-width: 300px) 100vw, 300px\" \/><\/a> <a href=\"http:\/\/monicamilf.com\/norsk\/blog\/wp-content\/uploads\/2020\/12\/snap-video-27.jpg\"><img loading=\"lazy\" class=\"alignnone size-medium wp-image-1300\" src=\"http:\/\/monicamilf.com\/norsk\/blog\/wp-content\/uploads\/2020\/12\/snap-video-27-300x158.jpg\" alt=\"\" width=\"300\" height=\"158\" srcset=\"https:\/\/monicamilf.com\/norsk\/blog\/wp-content\/uploads\/2020\/12\/snap-video-27-300x158.jpg 300w, https:\/\/monicamilf.com\/norsk\/blog\/wp-content\/uploads\/2020\/12\/snap-video-27-768x404.jpg 768w, https:\/\/monicamilf.com\/norsk\/blog\/wp-content\/uploads\/2020\/12\/snap-video-27-1024x539.jpg 1024w\" sizes=\"(max-width: 300px) 100vw, 300px\" \/><\/a> <a href=\"http:\/\/monicamilf.com\/norsk\/blog\/wp-content\/uploads\/2020\/12\/snap-video-26.jpg\"><img loading=\"lazy\" class=\"alignnone size-medium wp-image-1299\" src=\"http:\/\/monicamilf.com\/norsk\/blog\/wp-content\/uploads\/2020\/12\/snap-video-26-300x158.jpg\" alt=\"\" width=\"300\" height=\"158\" srcset=\"https:\/\/monicamilf.com\/norsk\/blog\/wp-content\/uploads\/2020\/12\/snap-video-26-300x158.jpg 300w, https:\/\/monicamilf.com\/norsk\/blog\/wp-content\/uploads\/2020\/12\/snap-video-26-768x404.jpg 768w, https:\/\/monicamilf.com\/norsk\/blog\/wp-content\/uploads\/2020\/12\/snap-video-26-1024x539.jpg 1024w\" sizes=\"(max-width: 300px) 100vw, 300px\" \/><\/a> <a href=\"http:\/\/monicamilf.com\/norsk\/blog\/wp-content\/uploads\/2020\/12\/snap-video-24.jpg\"><img loading=\"lazy\" class=\"alignnone size-medium wp-image-1297\" src=\"http:\/\/monicamilf.com\/norsk\/blog\/wp-content\/uploads\/2020\/12\/snap-video-24-300x158.jpg\" alt=\"\" width=\"300\" height=\"158\" srcset=\"https:\/\/monicamilf.com\/norsk\/blog\/wp-content\/uploads\/2020\/12\/snap-video-24-300x158.jpg 300w, https:\/\/monicamilf.com\/norsk\/blog\/wp-content\/uploads\/2020\/12\/snap-video-24-768x404.jpg 768w, https:\/\/monicamilf.com\/norsk\/blog\/wp-content\/uploads\/2020\/12\/snap-video-24-1024x539.jpg 1024w\" sizes=\"(max-width: 300px) 100vw, 300px\" \/><\/a> <a href=\"http:\/\/monicamilf.com\/norsk\/blog\/wp-content\/uploads\/2020\/12\/snap-video-23.jpg\"><img loading=\"lazy\" class=\"alignnone size-medium wp-image-1296\" src=\"http:\/\/monicamilf.com\/norsk\/blog\/wp-content\/uploads\/2020\/12\/snap-video-23-300x158.jpg\" alt=\"\" width=\"300\" height=\"158\" srcset=\"https:\/\/monicamilf.com\/norsk\/blog\/wp-content\/uploads\/2020\/12\/snap-video-23-300x158.jpg 300w, https:\/\/monicamilf.com\/norsk\/blog\/wp-content\/uploads\/2020\/12\/snap-video-23-768x404.jpg 768w, https:\/\/monicamilf.com\/norsk\/blog\/wp-content\/uploads\/2020\/12\/snap-video-23-1024x539.jpg 1024w\" sizes=\"(max-width: 300px) 100vw, 300px\" \/><\/a> <a href=\"http:\/\/monicamilf.com\/norsk\/blog\/wp-content\/uploads\/2020\/12\/snap-video-21.jpg\"><img loading=\"lazy\" class=\"alignnone size-medium wp-image-1294\" src=\"http:\/\/monicamilf.com\/norsk\/blog\/wp-content\/uploads\/2020\/12\/snap-video-21-300x158.jpg\" alt=\"\" width=\"300\" height=\"158\" srcset=\"https:\/\/monicamilf.com\/norsk\/blog\/wp-content\/uploads\/2020\/12\/snap-video-21-300x158.jpg 300w, https:\/\/monicamilf.com\/norsk\/blog\/wp-content\/uploads\/2020\/12\/snap-video-21-768x404.jpg 768w, https:\/\/monicamilf.com\/norsk\/blog\/wp-content\/uploads\/2020\/12\/snap-video-21-1024x539.jpg 1024w\" sizes=\"(max-width: 300px) 100vw, 300px\" \/><\/a> <a href=\"http:\/\/monicamilf.com\/norsk\/blog\/wp-content\/uploads\/2020\/12\/snap-video-19-1.jpg\"><img loading=\"lazy\" class=\"alignnone size-medium wp-image-1292\" src=\"http:\/\/monicamilf.com\/norsk\/blog\/wp-content\/uploads\/2020\/12\/snap-video-19-1-300x158.jpg\" alt=\"\" width=\"300\" height=\"158\" srcset=\"https:\/\/monicamilf.com\/norsk\/blog\/wp-content\/uploads\/2020\/12\/snap-video-19-1-300x158.jpg 300w, https:\/\/monicamilf.com\/norsk\/blog\/wp-content\/uploads\/2020\/12\/snap-video-19-1-768x404.jpg 768w, https:\/\/monicamilf.com\/norsk\/blog\/wp-content\/uploads\/2020\/12\/snap-video-19-1-1024x539.jpg 1024w\" sizes=\"(max-width: 300px) 100vw, 300px\" \/><\/a> <a href=\"http:\/\/monicamilf.com\/norsk\/blog\/wp-content\/uploads\/2020\/12\/snap-video-17-1.jpg\"><img loading=\"lazy\" class=\"alignnone size-medium wp-image-1291\" src=\"http:\/\/monicamilf.com\/norsk\/blog\/wp-content\/uploads\/2020\/12\/snap-video-17-1-300x158.jpg\" alt=\"\" width=\"300\" height=\"158\" srcset=\"https:\/\/monicamilf.com\/norsk\/blog\/wp-content\/uploads\/2020\/12\/snap-video-17-1-300x158.jpg 300w, https:\/\/monicamilf.com\/norsk\/blog\/wp-content\/uploads\/2020\/12\/snap-video-17-1-768x404.jpg 768w, https:\/\/monicamilf.com\/norsk\/blog\/wp-content\/uploads\/2020\/12\/snap-video-17-1-1024x539.jpg 1024w\" sizes=\"(max-width: 300px) 100vw, 300px\" \/><\/a> <a href=\"http:\/\/monicamilf.com\/norsk\/blog\/wp-content\/uploads\/2020\/12\/snap-video-12.jpg\"><img loading=\"lazy\" class=\"alignnone size-medium wp-image-1282\" src=\"http:\/\/monicamilf.com\/norsk\/blog\/wp-content\/uploads\/2020\/12\/snap-video-12-300x158.jpg\" alt=\"\" width=\"300\" height=\"158\" srcset=\"https:\/\/monicamilf.com\/norsk\/blog\/wp-content\/uploads\/2020\/12\/snap-video-12-300x158.jpg 300w, https:\/\/monicamilf.com\/norsk\/blog\/wp-content\/uploads\/2020\/12\/snap-video-12-768x404.jpg 768w, https:\/\/monicamilf.com\/norsk\/blog\/wp-content\/uploads\/2020\/12\/snap-video-12-1024x539.jpg 1024w\" sizes=\"(max-width: 300px) 100vw, 300px\" \/><\/a> <a href=\"http:\/\/monicamilf.com\/norsk\/blog\/wp-content\/uploads\/2020\/12\/snap-video-13.jpg\"><img loading=\"lazy\" class=\"alignnone size-medium wp-image-1283\" src=\"http:\/\/monicamilf.com\/norsk\/blog\/wp-content\/uploads\/2020\/12\/snap-video-13-300x158.jpg\" alt=\"\" width=\"300\" height=\"158\" srcset=\"https:\/\/monicamilf.com\/norsk\/blog\/wp-content\/uploads\/2020\/12\/snap-video-13-300x158.jpg 300w, https:\/\/monicamilf.com\/norsk\/blog\/wp-content\/uploads\/2020\/12\/snap-video-13-768x404.jpg 768w, https:\/\/monicamilf.com\/norsk\/blog\/wp-content\/uploads\/2020\/12\/snap-video-13-1024x539.jpg 1024w\" sizes=\"(max-width: 300px) 100vw, 300px\" \/><\/a> <a href=\"http:\/\/monicamilf.com\/norsk\/blog\/wp-content\/uploads\/2020\/12\/snap-video-15.jpg\"><img loading=\"lazy\" class=\"alignnone size-medium wp-image-1285\" src=\"http:\/\/monicamilf.com\/norsk\/blog\/wp-content\/uploads\/2020\/12\/snap-video-15-300x158.jpg\" alt=\"\" width=\"300\" height=\"158\" srcset=\"https:\/\/monicamilf.com\/norsk\/blog\/wp-content\/uploads\/2020\/12\/snap-video-15-300x158.jpg 300w, https:\/\/monicamilf.com\/norsk\/blog\/wp-content\/uploads\/2020\/12\/snap-video-15-768x404.jpg 768w, https:\/\/monicamilf.com\/norsk\/blog\/wp-content\/uploads\/2020\/12\/snap-video-15-1024x539.jpg 1024w\" sizes=\"(max-width: 300px) 100vw, 300px\" \/><\/a><\/p>\n<h4><a href=\"http:\/\/zhop.monicamilf.com\/index.php?route=product\/category&amp;path=59\"><em><strong>Cam2Cam<\/strong> <\/em><\/a><\/h4>\n<p><a href=\"http:\/\/monicamilf.com\/norsk\/blog\/?page_id=1196\"><img loading=\"lazy\" class=\"alignnone wp-image-1207\" src=\"http:\/\/monicamilf.com\/norsk\/blog\/wp-content\/uploads\/2020\/08\/privatwebcam-228x228.jpg\" alt=\"\" width=\"252\" height=\"252\" srcset=\"https:\/\/monicamilf.com\/norsk\/blog\/wp-content\/uploads\/2020\/08\/privatwebcam-228x228.jpg 228w, https:\/\/monicamilf.com\/norsk\/blog\/wp-content\/uploads\/2020\/08\/privatwebcam-228x228-150x150.jpg 150w\" sizes=\"(max-width: 252px) 100vw, 252px\" \/><\/a><\/p>\n<h4><a href=\"http:\/\/zhop.monicamilf.com\/index.php?route=product\/category&amp;path=57\"><em><strong>Custom Bilder &amp; Video<\/strong><\/em><\/a><\/h4>\n<p><a href=\"http:\/\/monicamilf.com\/norsk\/blog\/?page_id=1196\"><img loading=\"lazy\" class=\"alignnone wp-image-1206\" src=\"http:\/\/monicamilf.com\/norsk\/blog\/wp-content\/uploads\/2020\/08\/custom_2-228x228.jpg\" alt=\"\" width=\"248\" height=\"248\" srcset=\"https:\/\/monicamilf.com\/norsk\/blog\/wp-content\/uploads\/2020\/08\/custom_2-228x228.jpg 228w, https:\/\/monicamilf.com\/norsk\/blog\/wp-content\/uploads\/2020\/08\/custom_2-228x228-150x150.jpg 150w\" sizes=\"(max-width: 248px) 100vw, 248px\" \/><\/a><\/p>\n","protected":false},"excerpt":{"rendered":"<p>Snap: Ja jeg har snap dere kan f\u00f8lge meg p\u00e5, jeg har to snap adresser en for medlemmer og en som er helt \u00e5pen. Jeg har ogs\u00e5 en del salg av snapvideo, bilder, snap show (cam2cam) eller dirty snap chat. For info om de forskjellige produkter p\u00e5 snap f\u00f8lg linkene p\u00e5 siden av siden her. &#8230; <\/p>\n<p><a href=\"https:\/\/monicamilf.com\/norsk\/blog\/?page_id=1192\" class=\"more-link\">Continue reading &raquo; <span class=\"screen-reader-text\">Snap Info<\/span><\/a><\/p>\n","protected":false},"author":1,"featured_media":0,"parent":0,"menu_order":0,"comment_status":"closed","ping_status":"closed","template":"","meta":[],"_links":{"self":[{"href":"https:\/\/monicamilf.com\/norsk\/blog\/index.php?rest_route=\/wp\/v2\/pages\/1192"}],"collection":[{"href":"https:\/\/monicamilf.com\/norsk\/blog\/index.php?rest_route=\/wp\/v2\/pages"}],"about":[{"href":"https:\/\/monicamilf.com\/norsk\/blog\/index.php?rest_route=\/wp\/v2\/types\/page"}],"author":[{"embeddable":true,"href":"https:\/\/monicamilf.com\/norsk\/blog\/index.php?rest_route=\/wp\/v2\/users\/1"}],"replies":[{"embeddable":true,"href":"https:\/\/monicamilf.com\/norsk\/blog\/index.php?rest_route=%2Fwp%2Fv2%2Fcomments&post=1192"}],"version-history":[{"count":8,"href":"https:\/\/monicamilf.com\/norsk\/blog\/index.php?rest_route=\/wp\/v2\/pages\/1192\/revisions"}],"predecessor-version":[{"id":1600,"href":"https:\/\/monicamilf.com\/norsk\/blog\/index.php?rest_route=\/wp\/v2\/pages\/1192\/revisions\/1600"}],"wp:attachment":[{"href":"https:\/\/monicamilf.com\/norsk\/blog\/index.php?rest_route=%2Fwp%2Fv2%2Fmedia&parent=1192"}],"curies":[{"name":"wp","href":"https:\/\/api.w.org\/{rel}","templated":true}]}}